{"id":199,"date":"2021-11-06T13:15:27","date_gmt":"2021-11-06T12:15:27","guid":{"rendered":"https:\/\/www.meavia.digital\/faq\/?page_id=199"},"modified":"2021-11-06T13:15:55","modified_gmt":"2021-11-06T12:15:55","slug":"imp","status":"publish","type":"page","link":"https:\/\/www.meavia.digital\/faq\/imp\/","title":{"rendered":"Impressum"},"content":{"rendered":"\n<p>Verantwortliche Stelle im Sinne des Bundesdatenschutzgesetzes (BDSG) und zugleich Diensteanbieter im Sinne des Telemediengesetzes (TMG) ist:<\/p>\n\n\n\n<p>Docsuits legal solutions GmbH<br>Poststra\u00dfe 31<br>66386 St. Ingbert<br>Telefon: + 49 (0) 6894-3893790<br>E-Mail:&nbsp;<a href=\"mailto:mail@docsuits.de\">mail@docsuits.de<\/a><\/p>\n\n\n\n<p>Plattform der EU zur au\u00dfergerichtlichen OnlineStreitbeilegung:&nbsp;<a target=\"_blank\" rel=\"noreferrer noopener\" href=\"http:\/\/ec.europa.eu\/consumers\/odr\/\">http:\/\/ec.europa.eu\/consumers\/odr\/<\/a><\/p>\n\n\n\n<p><strong>Verantwortlich f\u00fcr den Inhalt&nbsp;(gem. \u00a7 55 Abs. 2 RStV):<\/strong><br>Rechtsanwalt Andreas Abel, Gesch\u00e4ftsf\u00fchrer<\/p>\n\n\n\n<p><strong>Hinweis gem\u00e4\u00df Online-Streitbeilegungs-Verordnung<\/strong><br>Wir sind verpflichtet, Verbraucher auf die Existenz der Europ\u00e4ischen Online-Streitbeilegungs-Plattform hinzuweisen, die f\u00fcr die Beilegung von Streitigkeiten genutzt werden kann, ohne dass ein Gericht eingeschaltet werden muss. F\u00fcr die Einrichtung der Plattform ist die Europ\u00e4ische Kommission zust\u00e4ndig. Die Europ\u00e4ische Online-Streitbeilegungs-Plattform ist hier zu finden:&nbsp;<a target=\"_blank\" rel=\"noreferrer noopener\" href=\"http:\/\/ec.europa.eu\/odr\">http:\/\/ec.europa.eu\/odr<\/a>. Unsere E-Mail lautet:&nbsp;<a href=\"mailto:mail@docsuits.de\">mail@docsuits.de<\/a>. Wir weisen aber darauf hin, dass wir nicht bereit sind, uns am Streitbeilegungsverfahren im Rahmen der Europ\u00e4ischen Online-Streitbeilegungs-Plattform zu beteiligen. Nutzen Sie zur Kontaktaufnahme bitte unsere obige E-Mail und Telefonnummer.<\/p>\n\n\n\n<p><strong>Hinweis gem\u00e4\u00df Verbraucherstreitbeilegungsgesetz (VSBG)<br><\/strong>Wir sind nicht bereit und verpflichtet, an Streitbeilegungsverfahren vor einer Verbraucherschlichtungsstelle teilzunehmen.<\/p>\n\n\n\n<p><strong>Bildnachweis:<\/strong><br>Bildnachweis: istock, kupicoo.<br>Photo by&nbsp;<a href=\"https:\/\/unsplash.com\/@giamboscaro?utm_source=unsplash&amp;utm_medium=referral&amp;utm_content=creditCopyText\">Giammarco Boscaro<\/a>&nbsp;on&nbsp;<a href=\"https:\/\/unsplash.com\/@merlinv_\/likes?utm_source=unsplash&amp;utm_medium=referral&amp;utm_content=creditCopyText\">Unsplash<\/a><\/p>\n","protected":false},"excerpt":{"rendered":"<p>Verantwortliche Stelle im Sinne des Bundesdatenschutzgesetzes (BDSG) und zugleich Diensteanbieter im Sinne des Telemediengesetzes (TMG) ist: Docsuits legal solutions GmbHPoststra\u00dfe 3166386 St. IngbertTelefon: + 49 (0) 6894-3893790E-Mail:&nbsp;mail@docsuits.de Plattform der EU zur au\u00dfergerichtlichen OnlineStreitbeilegung:&nbsp;http:\/\/ec.europa.eu\/consumers\/odr\/ Verantwortlich f\u00fcr den Inhalt&nbsp;(gem. \u00a7 55 Abs. 2 RStV):Rechtsanwalt Andreas Abel, Gesch\u00e4ftsf\u00fchrer Hinweis gem\u00e4\u00df Online-Streitbeilegungs-VerordnungWir sind verpflichtet, Verbraucher auf die Existenz der Europ\u00e4ischen Online-Streitbeilegungs-Plattform hinzuweisen, die f\u00fcr die Beilegung von Streitigkeiten genutzt werden kann, ohne dass ein Gericht eingeschaltet werden muss. F\u00fcr die Einrichtung der Plattform ist die Europ\u00e4ische Kommission zust\u00e4ndig. Die Europ\u00e4ische Online-Streitbeilegungs-Plattform ist hier zu finden:&nbsp;http:\/\/ec.europa.eu\/odr. Unsere E-Mail lautet:&nbsp;mail@docsuits.de. Wir weisen aber darauf hin, dass\u2026<\/p>\n","protected":false},"author":1,"featured_media":0,"parent":0,"menu_order":0,"comment_status":"closed","ping_status":"closed","template":"","meta":{"footnotes":""},"class_list":["post-199","page","type-page","status-publish","hentry"],"blocksy_meta":{"styles_descriptor":{"styles":{"desktop":"","tablet":"","mobile":""},"google_fonts":[],"version":2}},"featured_image_urls":{"full":"","thumbnail":"","medium":"","medium_large":"","large":"","1536x1536":"","2048x2048":""},"post_excerpt_stackable":"<p>Verantwortliche Stelle im Sinne des Bundesdatenschutzgesetzes (BDSG) und zugleich Diensteanbieter im Sinne des Telemediengesetzes (TMG) ist: Docsuits legal solutions GmbHPoststra\u00dfe 3166386 St. IngbertTelefon: + 49 (0) 6894-3893790E-Mail:&nbsp;mail@docsuits.de Plattform der EU zur au\u00dfergerichtlichen OnlineStreitbeilegung:&nbsp;http:\/\/ec.europa.eu\/consumers\/odr\/ Verantwortlich f\u00fcr den Inhalt&nbsp;(gem. \u00a7 55 Abs. 2 RStV):Rechtsanwalt Andreas Abel, Gesch\u00e4ftsf\u00fchrer Hinweis gem\u00e4\u00df Online-Streitbeilegungs-VerordnungWir sind verpflichtet, Verbraucher auf die Existenz der Europ\u00e4ischen Online-Streitbeilegungs-Plattform hinzuweisen, die f\u00fcr die Beilegung von Streitigkeiten genutzt werden kann, ohne dass ein Gericht eingeschaltet werden muss. F\u00fcr die Einrichtung der Plattform ist die Europ\u00e4ische Kommission zust\u00e4ndig. Die Europ\u00e4ische Online-Streitbeilegungs-Plattform ist hier zu finden:&nbsp;http:\/\/ec.europa.eu\/odr. Unsere E-Mail lautet:&nbsp;mail@docsuits.de. Wir weisen aber darauf hin, dass&hellip;<\/p>\n","category_list":"","author_info":{"name":"faq_pv","url":"https:\/\/www.meavia.digital\/faq\/author\/faq_pv\/"},"comments_num":"0 comments","featured_image_urls_v2":{"full":"","thumbnail":"","medium":"","medium_large":"","large":"","1536x1536":"","2048x2048":""},"post_excerpt_stackable_v2":"<p>Verantwortliche Stelle im Sinne des Bundesdatenschutzgesetzes (BDSG) und zugleich Diensteanbieter im Sinne des Telemediengesetzes (TMG) ist: Docsuits legal solutions GmbHPoststra\u00dfe 3166386 St. IngbertTelefon: + 49 (0) 6894-3893790E-Mail:&nbsp;mail@docsuits.de Plattform der EU zur au\u00dfergerichtlichen OnlineStreitbeilegung:&nbsp;http:\/\/ec.europa.eu\/consumers\/odr\/ Verantwortlich f\u00fcr den Inhalt&nbsp;(gem. \u00a7 55 Abs. 2 RStV):Rechtsanwalt Andreas Abel, Gesch\u00e4ftsf\u00fchrer Hinweis gem\u00e4\u00df Online-Streitbeilegungs-VerordnungWir sind verpflichtet, Verbraucher auf die Existenz der Europ\u00e4ischen Online-Streitbeilegungs-Plattform hinzuweisen, die f\u00fcr die Beilegung von Streitigkeiten genutzt werden kann, ohne dass ein Gericht eingeschaltet werden muss. F\u00fcr die Einrichtung der Plattform ist die Europ\u00e4ische Kommission zust\u00e4ndig. Die Europ\u00e4ische Online-Streitbeilegungs-Plattform ist hier zu finden:&nbsp;http:\/\/ec.europa.eu\/odr. Unsere E-Mail lautet:&nbsp;mail@docsuits.de. Wir weisen aber darauf hin, dass&hellip;<\/p>\n","category_list_v2":"","author_info_v2":{"name":"faq_pv","url":"https:\/\/www.meavia.digital\/faq\/author\/faq_pv\/"},"comments_num_v2":"0 comments","_links":{"self":[{"href":"https:\/\/www.meavia.digital\/faq\/wp-json\/wp\/v2\/pages\/199","targetHints":{"allow":["GET"]}}],"collection":[{"href":"https:\/\/www.meavia.digital\/faq\/wp-json\/wp\/v2\/pages"}],"about":[{"href":"https:\/\/www.meavia.digital\/faq\/wp-json\/wp\/v2\/types\/page"}],"author":[{"embeddable":true,"href":"https:\/\/www.meavia.digital\/faq\/wp-json\/wp\/v2\/users\/1"}],"replies":[{"embeddable":true,"href":"https:\/\/www.meavia.digital\/faq\/wp-json\/wp\/v2\/comments?post=199"}],"version-history":[{"count":1,"href":"https:\/\/www.meavia.digital\/faq\/wp-json\/wp\/v2\/pages\/199\/revisions"}],"predecessor-version":[{"id":200,"href":"https:\/\/www.meavia.digital\/faq\/wp-json\/wp\/v2\/pages\/199\/revisions\/200"}],"wp:attachment":[{"href":"https:\/\/www.meavia.digital\/faq\/wp-json\/wp\/v2\/media?parent=199"}],"curies":[{"name":"wp","href":"https:\/\/api.w.org\/{rel}","templated":true}]}}